2*n**3 - 34*n**2 + 36*n - 72. Let u be c(16). Let h(k) = -3*k**2 - 17*k - 12. What is h(u)?
-68
Let n = -269 + 544. Suppose -15*i = -175 - n. Suppose i = -3*q + 5*f, -4*q + 4*f - 40 = f. Let u(b) = 2*b + 9. Give u(q).
-11
Suppose 0 = -3*l + 5*g - 7, -3*g = l - 3*l - 3. Let a be (2 - 3)*l*(-49)/(-14). Let r be (-120)/a - 0 - 8/(-28). Let x(f) = f**2 - 8*f + 2. What is x(r)?
-10
Let x(m) be the third derivative of -7*m**4/12 + 5*m**3/3 - 12*m**2 + 5. Let a(l) = 25*l - 21. Let w(f) = -6*a(f) - 11*x(f). Calculate w(-6).
-8
Let z(m) be the third derivative of -11*m**7/1260 + m**6/720 + m**5/120 - 4*m**4 - 8*m**2 + 2. Let f(p) be the second derivative of z(p). Determine f(-1).
-22
Let h(x) = 3*x. Let n(d) = -3. Let g be (-6)/9*((3 - 1) + -5). Let v(k) = g*h(k) - n(k). What is v(-1)?
-3
Suppose -23 - 13 = 7*v - 15. Let a(l) = 2*l**2 + 10*l + 10. Calculate a(v).
-2
Let i(p) = p**3 + p**2 - 2*p - 3. Let m be i(-2). Let g(x) = -103 + 101 + 7*x**3 - 8*x**3 + 12*x - 9*x + 7*x**2 - 9*x**2. Give g(m).
-2
Let j(c) = -26*c**3 + 8*c**2 - 28*c - 5. Let b(z) = 15*z**3 - 4*z**2 + 15*z + 3. Let o(l) = -7*b(l) - 4*j(l). Give o(-6).
29
Let j(r) = 10*r - 15*r + 16*r + 3*r**3 - 11*r**2 + 2 - 2*r**3. Determine j(10).
12
Let r(s) = -12*s**3 + s**2 + 2*s. Let i(q) = -2*q**3 - 62*q**2 - 1. Let c be i(-31). Determine r(c).
11
Let r = 9883 + -9885. Let c(i) = 3*i**3 + i**2 + i + 1. Determine c(r).
-21
Let c(g) = -g**2 - 8*g + 30. Let v be c(-11). Let b(k) = -4*k**2 + 10*k + 4. Let a(o) = 5*o**2 - 11*o - 1. Let m(t) = v*a(t) - 4*b(t). Give m(9).
5
Suppose -2968*a = -2939*a + 87. Let d(f) = -f**3 - f**2 + 8*f + 3. Calculate d(a).
-3
Let x(b) = -2*b - 5. Suppose 271 = r + 4*m, -5*m - 1465 = -5*r - 3*m. Let f = r - 283. Determine x(f).
-21
Suppose 66*m - 44*m + 88 = 0. Let j(a) = a**3 + 4*a**2 + 5*a + 9. Determine j(m).
-11
Suppose -30*s + 22*s - 26*s + 272 = 0. Let g(c) = -4*c + 9. Determine g(s).
-23
Let v be (-11)/(-198) + (-1397)/198. Let h(z) = -5*z**2 - 34*z + 3. Calculate h(v).
-4
Let p(w) = 28*w**2 - w + 1. Let f(b) = 32*b**2 - 8*b + 8. Let r(a) = f(a) - 2*p(a). Give r(1).
-24
Let x(b) = b + 9. Let q = -7 - -2. Let p(w) = 8*w + 32. Let f be p(q). Determine x(f).
1
Let c = -102503 - -102498. Let u(z) = 7 + 5*z - z**2 - 7*z - 4*z. What is u(c)?
12
Let z(g) be the first derivative of -11 + 3*g - 5/2*g**2 - 1/3*g**3. Let d be 54/(-10) - (-12)/30. Determine z(d).
3
Let a be (-1)/(6/(-30)*5/8). Let d be (0 - a)*(0 - 4/4). Suppose -2 - d = 5*t. Let k(w) = w**2 + 4*w + 3. Calculate k(t).
-1
Suppose -80*k - 6 = -86*k. Let c(p) = 3*p**3 - p**2 - 9*p - 5. Let r(o) = -o**3 + 2*o + 1. Let z(f) = k*c(f) + 4*r(f). Give z(0).
-1
Let o(r) = 210*r - 627. Let x be o(3). Let v(q) be the first derivative of -1/3*q**3 + 1/2*q**2 + 12 - x*q. What is v(0)?
-3
Let r = -2582 + 2578. Let m(s) = s**3 + 7*s**2 + 12*s - 3. Determine m(r).
-3
Let r(l) = 5*l - 13. Let y be r(3). Let n(m) = -8*m + y - 2*m - 9*m + 17*m. What is n(-7)?
16
Let c(y) = 1. Let d(x) = -3*x - 6. Let q(z) = 2*c(z) + d(z). Let k(m) = -2*m - 1. Let l be k(-3). Suppose 0*h + h = l. Give q(h).
-19
Let d(y) be the second derivative of -y**3/6 - y**2/2 + 177*y. Give d(-6).
5
Let o(f) = -f**3 - 2 + 697199*f**2 - 2 - 697193*f**2. Give o(6).
-4
Suppose 19 = 3*r - 2*v, 26 = 6*r - 4*r + 2*v. Suppose -5*j + f - 13 = 0, -13*j + 1 = -r*j + 3*f. Let a(x) = -2*x**3 - 2*x**2 - 1. Give a(j).
7
Let s(x) = -x**3 + 6*x**2 + 8*x - 5. Let c be s(7). Let i(y) = -401*y - 23 + 15*y**2 - 397*y - 404*y + 25 + 1198*y. What is i(c)?
54
Let b(j) = -j**3 + j**2 + 2 + 2 - 5 + 0*j**2. Suppose 6*k - k - 2 = -2. Calculate b(k).
-1
Let k(n) = -5*n**2 - 2*n. Let m(c) = -3*c**2 + 3*c + 7*c**2 - 3*c**2. Let o(t) = k(t) + 4*m(t). Determine o(9).
9
Let j(m) be the third derivative of 0 + 1/12*m**4 - 1/30*m**5 - 1/3*m**3 + 6*m**2 + 6*m. What is j(2)?
-6
Let q(j) = 20*j - 1539759*j**3 + 1539758*j**3 + 2*j**2 - 81 + 8*j**2. Calculate q(11).
18
Let i(o) = -o. Let h = -46 + 41. Let q(t) = -2*t**2 - t - 1. Let p(x) = h*i(x) - q(x). Give p(-4).
9
Let k be (-3 - -3) + -1 + 92. Suppose -h + k = 6*h. Let d(p) = 2*p**2 - 28*p + 30. Let j be d(h). Let b(z) = -z**3 + 5*z**2 - 4*z - 4. What is b(j)?
-4
Let o be (55 - -10) + 5*-1. Let d(z) = 3*z**2 - 3*z - 30 - 32 + o. Suppose 3*k - 8 = 7*k. Determine d(k).
16
Let l(v) = -v + 11. Suppose -11*z + 8*z = 4*d + 30, -2*z = -5*d - 26. Let m be 4 + d/30*-15. Determine l(m).
4
Let c(y) = -y**3 - 20*y**2 + 26*y + 109. Let f be c(-21). Let x(h) = h**2 - 5*h + 11. Determine x(f).
7
Suppose 2*o + 9*o - 33 = 0. Let h(m) = -4 - 96*m**2 + o*m + 3 + 97*m**2 - 1. Give h(-3).
-2
Let u be (3/(-15))/((-3)/75). Suppose 8*k + u*k + 65 = 0. Let i(c) = c + 5. Let a(v) = 3*v + 15. Let x(y) = 3*a(y) - 8*i(y). What is x(k)?
0
Suppose 2*t + 5*c - 43 + 67 = 0, -3*c = 2*t + 16. Let m(j) = -9*j - 12. Give m(t).
6
Let y(t) = -t**2 + 9*t + 24. Suppose -39*n + 286 = -9*n - 44. Give y(n).
2
Let z be ((-520)/(-26))/(2/(-4)). Let y(v) = v**3 + 40*v**2 - 2*v - 62. Give y(z).
18
Let m(o) = -o**3 + 27*o**2 + 4*o - 66. Suppose -20827*r = -20839*r + 324. Determine m(r).
42
Suppose 794 = 5*q - 1051. Let n = q - 253. Let p = n + -116. Let f(d) = -d + 2. Give f(p).
2
Let p(k) = k**2 - 4*k + 5. Let h(b) = 32*b - 34*b + 8 + 7. Let a be h(5). Suppose n + 4 = 2*x - x, a*x - 20 = -3*n. Give p(x).
5
Let t(r) = -r**2 - 8*r + 11. Suppose 0 = -v + 4*u + 67, 8*v - 4*v = 2*u + 198. Let b = -40 + v. Suppose -2*h - b*h = 90. What is t(h)?
-9
Let n(q) = -5*q + 15. Let l be (-25 + 22)/((-3)/(-18)). Calculate n(l).
105
Let t(j) = j**3 - 7*j**2 + 6*j + 2. Let h(v) = -v**3 + 14*v**2 - 11*v - 26. Let l be h(13). Suppose -w + 10*w - 54 = l. Determine t(w).
2
Let g(d) = -48*d**3 + 6*d + 4. Let y(a) = 98*a**3 - 13*a - 9. Let c(s) = 11*g(s) + 5*y(s). Calculate c(1).
-38
Let d(i) = -4 - 9 - 6 + 13 - 9*i + 18*i. Determine d(-5).
-51
Suppose 0 = 11*f - 8*f + 3*n - 9, -3*f = -5*n - 33. Let v(a) = -2*a**2 + 14*a - 20. What is v(f)?
-8
Let k(c) be the third derivative of -7*c**2 + 1/3*c**4 - 5/6*c**3 - 1/60*c**5 + 0 + 0*c. Let z = 34 - 28. Determine k(z).
7
Let d(r) = -r**2 + 6*r - 1. Suppose 3*p = 18 + 15. Suppose 6*j - o - 16 = 2*j, 0 = -j + 4*o - p. Calculate d(j).
4
Let m(l) = l**3 - 11*l**2 + 27*l + 7. Let x be m(4). Let u(w) = 2*w**2 - 2*w - 7. Let k be u(x). Let h(t) = -t**2 + 2*t + 4. Calculate h(k).
-11
Let p(m) = -89*m + 6. Let u(c) = -223*c + 14. Let k(q) = 5*p(q) - 2*u(q). Let i = 14 + -22. Give k(i).
-6
Let x(h) = -h**2 + 23*h - 98. Suppose -100 = -5*q + 5*m - 0, 4*q = -m + 50. Determine x(q).
28
Let k(n) be the first derivative of -n**4/4 + n**3 - 3*n**2/2 + 224. What is k(2)?
-2
Let o(w) = 2*w**3 + 10*w**2 + 9*w + 11. Suppose -123*u + 36 = -4*r - 119*u, -2*r - 5*u = -10. What is o(r)?
-34
Let i(h) = h**2 + 19*h + 32. Let u be i(-17). Let l(b) = 4*b. Let m be l(2). Let x be (-11 + m + (-4)/(-2))*u. Let v(y) = y**2 + 2*y - 1. Calculate v(x).
7
Let h(x) = 2*x**2 + 2*x + 2. Let b(p) = p**3 + 16*p**2 + 19*p + 4. Let r be b(-14). Let n = 78 - r. Let j = n - -50. What is h(j)?
6
Let m = 19 + -9. Let j be 34/m + (-6)/15. Let w(z) = 5 - 4*z + 6*z**3 - 6*z**3 + 0*z**3 - 5*z**2 + z**j. Calculate w(5).
-15
Let n(o) be the first derivative of 21*o**2/2 - 132*o + 1369. Calculate n(7).
15
Let y be -5*(780/25)/(-6). Suppose -3*o = -4*o + 4*j + 17, -o + j = -y. Suppose -5*d - 3 = 3*x - o, x = d - 2. Let a(v) = v**3 - 3*v**2 - 6*v + 3. Give a(d).
-5
Let p(i) be the third derivative of 15*i**2 + 1/4*i**4 + 0 + 0*i + 1/12*i**5 + 1/120*i**6 + 1/6*i**3. Determine p(-4).
-7
Let z(b) be the second derivative of -b**5/20 - 5*b**4/3 - 13*b**3/2 - 20*b**2 + 268*b. Give z(-18).
14
Suppose 633 - 397 = 59*u. Let q(w) = -4*w + 9. Let p(v) = -5*v + 10. Let r(c) = -5*p(c) + 6*q(c). Let o(m) = m + 3. Let g(a) = u*r(a) - 5*o(a). Give g(0).
1
Let n(r) = -3*r**2 + 17*r - 7. Let q(m) = -2*m**2 + 7*m - 3. Let l(c) = -3*n(c) + 7*q(c). Let s(w) = -w**2 + 1. Let u(o) = l(o) - 4*s(o). Determine u(0).
-4
Let p(v) = 3*v**2 + 6*v + 3. Let l be (-19 - ((-48)/12 - 10)) + (1 - 0). What is p(l)?
27
Let v(f) = -7*f - 5. Suppose 2*d - 131*j + 9 = -134*j, 0 = j - 1. Determine v(d).
37
Let k(i) = 132*i**3 + 23*i**2 - 17*i - 24. Let x(c) = -16*c**3 - 3*c**2 + 2*c + 3. Let y(j) = -2*k(j) - 17*x(j). Determine y(2).
81
Let x be 2/2*(-1 - -6). 